{"id":8961,"date":"2023-03-25T11:21:03","date_gmt":"2023-03-25T11:21:03","guid":{"rendered":"https:\/\/patologiadual.es\/adcom2025\/?page_id=8961"},"modified":"2023-03-25T11:21:03","modified_gmt":"2023-03-25T11:21:03","slug":"aviso-legal","status":"publish","type":"page","link":"https:\/\/patologiadual.es\/adcom2025\/aviso-legal\/","title":{"rendered":"Aviso Legal"},"content":{"rendered":"<div class=\"wpb-content-wrapper\">[mk_page_section vertical_align=&#8221;bottom&#8221; bg_image=&#8221;https:\/\/patologiadual.es\/adcom2025\/wp-content\/uploads\/2020\/02\/bg-social-media-1.png&#8221; bg_color=&#8221;#ffffff&#8221; attachment=&#8221;fixed&#8221; bg_position=&#8221;center top&#8221; bg_repeat=&#8221;no-repeat&#8221; bg_stretch=&#8221;true&#8221; enable_3d=&#8221;true&#8221; min_height=&#8221;200&#8243; full_width=&#8221;true&#8221; padding_bottom=&#8221;30&#8243; top_shape_style=&#8221;curve-top&#8221; top_shape_size=&#8221;small&#8221; sidebar=&#8221;sidebar-1&#8243; first_page=&#8221;false&#8221; last_page=&#8221;false&#8221;][vc_column css=&#8221;.vc_custom_1573295620031{margin-bottom: -10px !important;border-bottom-width: -10px !important;padding-bottom: -10px !important;}&#8221;][vc_row_inner is_fullwidth_content=&#8221;false&#8221;][vc_column_inner width=&#8221;1\/12&#8243;][\/vc_column_inner][vc_column_inner width=&#8221;10\/12&#8243;][mk_custom_box corner_radius=&#8221;3&#8243; bg_color=&#8221;#ffffff&#8221; border_color_style=&#8221;single_color&#8221; border_color=&#8221;#d3d3d3&#8243;][mk_fancy_title color=&#8221;#000000&#8243; size=&#8221;16&#8243; force_font_size=&#8221;true&#8221; size_smallscreen=&#8221;14&#8243; size_tablet=&#8221;14&#8243; size_phone=&#8221;14&#8243; line_height=&#8221;176&#8243; font_style=&#8221;normal&#8221; txt_transform=&#8221;none&#8221; margin_bottom=&#8221;0&#8243; font_family=&#8221;none&#8221; responsive_align=&#8221;left&#8221; drop_shadow=&#8221;true&#8221; shadow_distance=&#8221;10&#8243; shadow_blur=&#8221;34&#8243; shadow_color=&#8221;#ffffff&#8221;]\n<p style=\"text-align: justify;\">En este apartado se incluye informaci\u00f3n sobre las condiciones de acceso y utilizaci\u00f3n de los sitios web de la Fundaci\u00f3n de Patolog\u00eda Dual (FPD) que deben ser conocidas por los usuarios.<\/p>\n<p style=\"text-align: justify;\"><strong>I. Informaci\u00f3n general.<\/strong><\/p>\n<p style=\"text-align: justify;\">Para dar cumplimiento a lo establecido en la Ley 34\/2002, de 11 de Julio, de Servicios de la Sociedad de la Informaci\u00f3n y de Comercio Electr\u00f3nico, a continuaci\u00f3n, se indican los datos de informaci\u00f3n general\u00a0del propietario\u00a0del sitio web de la FPD\u00a0<a href=\"http:\/\/www.xn--fundacinpatologiadual-rcc.org\/\">www.fundaci\u00f3npatologiadual.org<\/a><\/p>\n<p style=\"text-align: justify;\">Denominaci\u00f3n: FUNDACION PATOLOGIA DUAL: ADICCION Y OTROS TRASTORNOS MENTALES<\/p>\n<p style=\"text-align: justify;\">Direcci\u00f3n: Calle Castillo de Fuensalda\u00f1a, 4. Edificio Rozas Nova \u2013 Oficina 238 28232 Las Rozas (Madrid). Espa\u00f1a<\/p>\n<p style=\"text-align: justify;\">Contacto: hola@fundacionpatologiadual.org<\/p>\n<p style=\"text-align: justify;\">Datos registrales: Inscrita en el Registro Nacional de Fundaciones con el n\u00famero 1634<\/p>\n<p style=\"text-align: justify;\">C.I.F.: G-86964848<\/p>\n<p style=\"text-align: justify;\">Tel\u00e9fono: +34910536995<\/p>\n<p style=\"text-align: justify;\"><strong>II. Condiciones de acceso y utilizaci\u00f3n de este sitio web.<\/strong><\/p>\n<p style=\"text-align: justify;\">El acceso a las p\u00e1ginas web de la FPD es responsabilidad exclusiva de los usuarios, y supone aceptar y conocer las advertencias legales, condiciones y t\u00e9rminos de uso contenidos en ella.<\/p>\n<p style=\"text-align: justify;\">El usuario se compromete a la correcta utilizaci\u00f3n de la web y utilidades que se le\u00a0proporcionen de conformidad con la ley, con el presente Aviso Legal, y con las instrucciones y avisos que se le comuniquen.<\/p>\n<p style=\"text-align: justify;\">El usuario se obliga al uso exclusivo de la web de la FPD y de todos sus contenidos, para fines l\u00edcitos y no prohibidos, que no infrinjan la legalidad vigente y\/o que no resulten lesivos de los derechos leg\u00edtimos de FPD, de sus delegaciones o de cualquier tercero, y\/o que puedan causar cualquier da\u00f1o o perjuicio de forma directa o indirecta.<\/p>\n<p style=\"text-align: justify;\">A tal efecto, el usuario se abstendr\u00e1 de utilizar cualquiera de los contenidos de la p\u00e1gina web de la FPD con fines o efectos il\u00edcitos, prohibidos en el presente Aviso Legal, lesivos de los derechos e intereses de terceros o que, de cualquier forma, puedan da\u00f1ar, inutilizar, sobrecargar, deteriorar o impedir la normal utilizaci\u00f3n de la web, los equipos inform\u00e1ticos o los documentos, archivos y toda clase de contenidos almacenados en cualquier equipo inform\u00e1tico (hacking) del Grupo, de otros usuarios o de cualquier usuario de Internet (hardware y software).<\/p>\n<p style=\"text-align: justify;\">En particular, y a t\u00edtulo meramente indicativo y no exhaustivo, el usuario se compromete a no transmitir, difundir o poner a disposici\u00f3n de terceras personas, informaciones, datos, contenidos, mensajes, gr\u00e1ficos, dibujos, archivos de sonido y\/o imagen, fotograf\u00edas, grabaciones o software.<\/p>\n<p style=\"text-align: justify;\"><strong>III. Propiedad intelectual e industrial.<\/strong><\/p>\n<p style=\"text-align: justify;\">El dise\u00f1o de las webs y sus c\u00f3digos fuente, as\u00ed como los logos, marcas y dem\u00e1s signos distintivos que aparecen en las mismas pertenecen a la\u00a0FPD y est\u00e1n protegidos por los correspondientes derechos de propiedad intelectual e industrial.<\/p>\n<p style=\"text-align: justify;\">Asimismo, ning\u00fan material publicado en nuestra web podr\u00e1 ser reproducido, copiado o publicado sin el consentimiento por escrito de la FPD.<\/p>\n<p style=\"text-align: justify;\"><strong>IV.Exclusi\u00f3n de responsabilidad.<\/strong><\/p>\n<p style=\"text-align: justify;\">La p\u00e1gina\u00a0<a href=\"http:\/\/www.fundacionpatologiadual.org\/\">www.fundacionpatologiadual.org<\/a>\u00a0 puede proporcionar enlaces a otros contenidos que sean propiedad de terceros, con el \u00fanico objeto de proporcionar al usuario la posibilidad de completar la informaci\u00f3n a trav\u00e9s de estos. La FPD no se responsabiliza en ning\u00fan caso de los resultados que puedan derivarse al usuario por el acceso a dichos enlaces, ni garantiza la ausencia de virus u otros elementos en los mismos que puedan producir alteraciones en el sistema inform\u00e1tico (hardware y software), los documentos o los ficheros del usuario, excluyendo cualquier responsabilidad por los da\u00f1os de cualquier clase causados al usuario por este motivo.<\/p>\n<p style=\"text-align: justify;\"><strong>V.Uso de cookies.<\/strong><\/p>\n<p style=\"text-align: justify;\">La FPD podr\u00e1 utilizar cookies para facilitar la navegaci\u00f3n en su p\u00e1gina web y conocer las preferencias del usuario permitiendo su reconocimiento. No obstante, el usuario podr\u00e1 configurar su equipo para aceptar o no las cookies que recibe.<\/p>\n<p style=\"text-align: justify;\"><strong>VI.Ley aplicable.<\/strong><\/p>\n<p style=\"text-align: justify;\">La ley aplicable en caso de disputa o conflicto de interpretaci\u00f3n de los t\u00e9rminos que conforman este aviso legal, as\u00ed como cualquier cuesti\u00f3n relacionada con los servicios de las p\u00e1ginas web de la FPD, ser\u00e1 la ley espa\u00f1ola.<\/p>\n[\/mk_fancy_title][\/mk_custom_box][\/vc_column_inner][vc_column_inner width=&#8221;1\/12&#8243;][\/vc_column_inner][\/vc_row_inner][\/vc_column][\/mk_page_section]\n<\/div>","protected":false},"excerpt":{"rendered":"<p>[mk_page_section vertical_align=&#8221;bottom&#8221; bg_image=&#8221;https:\/\/patologiadual.es\/adcom2025\/wp-content\/uploads\/2020\/02\/bg-social-media-1.png&#8221; bg_color=&#8221;#ffffff&#8221; attachment=&#8221;fixed&#8221; bg_position=&#8221;center top&#8221; bg_repeat=&#8221;no-repeat&#8221; bg_stretch=&#8221;true&#8221; enable_3d=&#8221;true&#8221; min_height=&#8221;200&#8243; full_width=&#8221;true&#8221; padding_bottom=&#8221;30&#8243; top_shape_style=&#8221;curve-top&#8221; top_shape_size=&#8221;small&#8221; sidebar=&#8221;sidebar-1&#8243; first_page=&#8221;false&#8221; last_page=&#8221;false&#8221;][vc_column css=&#8221;.vc_custom_1573295620031{margin-bottom: -10px !important;border-bottom-width: -10px !important;padding-bottom: -10px !important;}&#8221;][vc_row_inner is_fullwidth_content=&#8221;false&#8221;][vc_column_inner width=&#8221;1\/12&#8243;][\/vc_column_inner][vc_column_inner width=&#8221;10\/12&#8243;][mk_custom_box corner_radius=&#8221;3&#8243; bg_color=&#8221;#ffffff&#8221; border_color_style=&#8221;single_color&#8221; border_color=&#8221;#d3d3d3&#8243;][mk_fancy_title color=&#8221;#000000&#8243; size=&#8221;16&#8243; force_font_size=&#8221;true&#8221; size_smallscreen=&#8221;14&#8243; size_tablet=&#8221;14&#8243; size_phone=&#8221;14&#8243; line_height=&#8221;176&#8243; font_style=&#8221;normal&#8221; txt_transform=&#8221;none&#8221; margin_bottom=&#8221;0&#8243; font_family=&#8221;none&#8221; responsive_align=&#8221;left&#8221; drop_shadow=&#8221;true&#8221; shadow_distance=&#8221;10&#8243; shadow_blur=&#8221;34&#8243; shadow_color=&#8221;#ffffff&#8221;] En este apartado se incluye informaci\u00f3n sobre [&hellip;]<\/p>\n","protected":false},"author":3297,"featured_media":0,"parent":0,"menu_order":0,"comment_status":"closed","ping_status":"closed","template":"","meta":{"footnotes":""},"class_list":["post-8961","page","type-page","status-publish","hentry"],"jetpack_sharing_enabled":true,"_links":{"self":[{"href":"https:\/\/patologiadual.es\/adcom2025\/wp-json\/wp\/v2\/pages\/8961","targetHints":{"allow":["GET"]}}],"collection":[{"href":"https:\/\/patologiadual.es\/adcom2025\/wp-json\/wp\/v2\/pages"}],"about":[{"href":"https:\/\/patologiadual.es\/adcom2025\/wp-json\/wp\/v2\/types\/page"}],"author":[{"embeddable":true,"href":"https:\/\/patologiadual.es\/adcom2025\/wp-json\/wp\/v2\/users\/3297"}],"replies":[{"embeddable":true,"href":"https:\/\/patologiadual.es\/adcom2025\/wp-json\/wp\/v2\/comments?post=8961"}],"version-history":[{"count":2,"href":"https:\/\/patologiadual.es\/adcom2025\/wp-json\/wp\/v2\/pages\/8961\/revisions"}],"predecessor-version":[{"id":8963,"href":"https:\/\/patologiadual.es\/adcom2025\/wp-json\/wp\/v2\/pages\/8961\/revisions\/8963"}],"wp:attachment":[{"href":"https:\/\/patologiadual.es\/adcom2025\/wp-json\/wp\/v2\/media?parent=8961"}],"curies":[{"name":"wp","href":"https:\/\/api.w.org\/{rel}","templated":true}]}}